 3) to base 6
-25032
What is 65492 (base 16) in base 15?
82dcb
What is 30123001 (base 4) in base 14?
14785
Convert -7408a (base 15) to base 5.
-43234010
Convert 177294 (base 13) to base 10.
587058
977382 (base 10) to base 14
1b6290
Convert 80374 (base 16) to base 11.
32962a
77a209 (base 15) to base 8
25605021
269243 (base 11) to base 12
184408
What is -744097 (base 10) in base 8?
-2655241
What is -17b9c (base 14) in base 15?
-12b48
-28a7a3 (base 11) to base 15
-8e585
What is 38e06 (base 16) in base 15?
49061
-5147 (base 13) to base 6
-123525
-111013220111 (base 4) to base 5
-2404130102
What is 1010021001000 (base 3) in base 8?
2213244
What is -130244 (base 6) in base 16?
-2df4
-14454440 (base 6) to base 4
-1323111120
-4328b (base 13) to base 3
-20011101011
Convert 660615 (base 7) to base 13.
4079a
What is 14456c (base 15) in base 2?
11101110011011011010
What is 522474 (base 8) in base 12?
843b8
Convert 720956 (base 11) to base 10.
1157789
What is 645782 (base 10) in base 11?
401205
Convert 10000001111000110000110 (base 2) to base 10.
4256134
Convert 151aee (base 15) to base 16.
f89ed
5660452 (base 7) to base 2
10101011110011101110
What is -113332202 (base 4) in base 12?
-48a02
What is 2400572 (base 8) in base 9?
1208447
b7154a (base 14) to base 6
340351410
What is -715aa (base 15) in base 6?
-11410111
Convert 1222111112210 (base 3) to base 16.
101193
Convert -1891416 (base 10) to base 9.
-3502473
-8003c (base 14) to base 16
-4b0b6
What is 5453121 (base 6) in base 15?
556e1
What is -346ba14 (base 13) in base 2?
-111101101010000000010111
What is 76736 (base 10) in base 9?
126232
Convert -4250450 (base 7) to base 6.
-15022542
355134130 (base 6) to base 3
110120121021000
747637 (base 8) to base 11
160714
-414434 (base 5) to base 14
-501a
Convert -221311320 (base 4) to base 13.
-60015
Convert -b7ee9 (base 15) to base 14.
-112acd
-3524424 (base 6) to base 8
-544300
What is 10cbc0 (base 14) in base 12?
237784
What is -3303212120 (base 4) in base 2?
-11110011100110011000
Convert -1b5a9 (base 16) to base 7.
-644436
What is -21641 (base 13) in base 16?
-ebe2
Convert 10a5539 (base 12) to base 10.
3202749
-358009 (base 16) to base 4
-31120000021
-4c840 (base 15) to base 10
-244860
20341440 (base 5) to base 9
275857
Convert -10605554 (base 7) to base 10.
-926384
What is -3302032231 (base 4) in base 5?
-223222143
147424 (base 8) to base 4
30330110
-336660 (base 9) to base 5
-22423434
-115340040 (base 6) to base 14
-41b772
-10023023023 (base 4) to base 5
-240004342
-166a62 (base 12) to base 10
-385130
What is -1537644 (base 9) in base 12?
-35107a
What is 10991a4 (base 11) in base 16?
1d3a98
Convert 4019339 (base 10) to base 6.
222052015
26458550 (base 9) to base 4
301231013223
Convert -527246 (base 12) to base 9.
-2387550
-206361 (base 9) to base 6
-2344214
Convert 529b4 (base 15) to base 13.
92392
Convert 15201344 (base 6) to base 15.
a6b9a
What is 1101001010000001111 (base 2) in base 6?
13123531
What is 1110111222221 (base 3) in base 13?
21307c
What is -211302133 (base 4) in base 13?
-555b5
104f3 (base 16) to base 15
14bd8
What is -b3734 (base 15) in base 6?
-20104304
Convert -221040303 (base 6) to base 12.
-13b6093
Convert 142677 (base 10) to base 3.
21020201100
Convert 2d8a (base 14) to base 12.
487a
-447488 (base 9) to base 8
-1013253
Convert 2a0c36 (base 13) to base 7.
11520462
What is 3222213121 (base 4) in base 7?
11111464
What is -263525 (base 8) in base 15?
-1c3c9
-873b0 (base 12) to base 9
-301826
2012212120002 (base 3) to base 9
2185502
What is 188c5c (base 14) in base 11?
54432a
-25024213 (base 6) to base 2
-11000010100000010001
Convert 11200211010 (base 3) to base 13.
33108
10011101011010001 (base 2) to base 7
453652
Convert 1010011010111000111 (base 2) to base 10.
341447
Convert 3551652 (base 7) to base 6.
13345433
What is a95c2 (base 14) in base 9?
684372
Convert -1111001111001101100001 (base 2) to base 4.
-33033031201
Convert 171348 (base 10) to base 15.
35b83
Convert -1200534 (base 6) to base 8.
-171712
What is 1110100100010111100 (base 2) in base 14?
c5d80
What is -14d9141 (base 14) in base 12?
-3501945
What is 396185 (base 11) in base 16?
98212
-10002012010 (base 4) to base 16
-102184
What is -5455556 (base 9) in base 16?
-2cb683
Convert 2d092d (base 15) to base 13.
5b3a20
-10230033220 (base 4) to base 15
-1945ba
1b056b (base 12) to base 16
74a23
85d305 (base 16) to base 14
1244269
Convert -c26a1 (base 13) to base 14.
-90cc7
-24201143 (base 5) to base 2
-110110111110010101
Convert -1100011011110 (base 3) to base 2.
-10101101101111001000
-16a70 (base 12) to base 8
-77564
222212012 (base 3) to base 6
230352
523213 (base 7) to base 16
15f76
What is -20315333 (base 6) in base 14?
-113641
Convert -bc9a9 (base 15) to base 5.
-123141214
What is 20121100022 (base 3) in base 10?
130013
Convert -1326f (base 16) to base 12.
-39493
Convert 5dd683 (base 16) to base 10.
6149763
Convert 782678 (base 9) to base 6.
14005542
What is 1330578 (base 9) in base 7?
6123425
-1c32183 (base 13) to base 15
-c52153
Convert 21020122100010 (base 3) to base 4.
32230021020
Convert 411001122 (base 6) to base 9.
14227325
What is -452723 (base 8) in base 12?
-74697
What is 1444630 (base 10) in base 4?
11200230112
103112320310 (base 4) to base 7
61063262
Convert 302322123 (base 5) to base 12.
4a669a
Convert 463276 (base 8) to base 2.
100110011010111110
What is 2314102 (base 7) in base 8?
1065407
52276a (base 13) to base 4
13110210110
Convert 5221633 (base 9) to base 12.
b26486
What is 3333233113 (base 5) in base 13?
1694395
Convert 233342021 (base 5) to base 12.
439a90
Convert -2c96d1 (base 16) to base 2.
-1011001001011011010001
-35780 (base 12) to base 14
-1c316
101365 (base 7) to base 15
5214
What is 1dc6d4 (base 15) in base 9?
2664111
What is 604340 (base 11) in base 5?
222101122
What is -10000100201201 (base 3) in base 14?
-2d986c
20031243 (base 6) to base 14
1097d1
Convert 1362703 (base 8) to base 7.
3166551
What is -233262 (base 12) in base 14?
-10a0b0
12d16 (base 15) to base 5
3412241
What is -12462655 (base 8) in base 3?
-12020011102221
What is -5874cd (base 14) in base 11?
-1780483
What is -10a7242 (base 11) in base 6?
-105151544
-276977 (base 10) to base 5
-32330402
-1121202012 (base 3) to base 15
-96b2
Convert 202181 (base 12) to base 2.
1111010011001110001
What is -10444413 (base 5) in base 12?
-462b1
Convert 492068 (base 11) to base 2.
10111110000111010101
What is -910638 (base 11) in base 10?
-1464867
What is -80025 (base 12) in base 3?
-22102121002
What is 39487 (base 12) in base 6?
1403051
Convert -1e7e3 (base 16) to base 7.
-1030065
4228a6 (base 14) to base 9
4176260
-1349ce (base 16) to base 13
-35349a
Convert 2021032233 (base 4) to base 5.
120441340
Convert -35389a (base 13) to base 11.
-794257
What is 203231212 (base 4) in base 3?
21102122201
Convert 837488 (base 11) to base 3.
2112012012011
What is 501 (base 14) in base 13?
5a6
11263 (base 7) to base 8
5507
What is -613471 (base 8) in base 7?
-1502351
220230034 (base 5) to base 12
3972b8
Convert -100111011101111010101101 (base 2) to base 9.
-21418230
Convert -15421103 (base 8) to base 13.
-972a52
Convert 14506544 (base 10) to base 11.
8208a88
What is 212320100100 (base 4) in base 6?
1002240400
What is -22167d2 (base 14) in base 10?
-16191156
-122310133 (base 4) to base 11
-75599
Convert -d75778 (base 15) to base 6.
-1003325405
What is -111432413 (base 5) in base 10?
-499108
What is 3432254 (base 6) in base 7?
1330441
1138616 (base 9) to base 4
2112200322
What is 1031121313 (base 4) in base 15?
63e17
What is 2131204231 (base 5) in base 9?
8510436
Convert -11a585 (base 12) to base 16.
-463b5
-241743 (base 9) to base 11
-9a4a4
6606 (base 11) to base 8
21016
Convert -104023342 (base 5) to base 10.
-454847
Convert -25431233 (base 6) to base 11.
-51647a
Convert 30374 (base 12) to base 8.
172410
-a5249c (base 14) to base 12
-1a4b336
What is -111101111011011010100110 (base 2) in base 6?
-1335542034
What is 450504 (base 6) in base 3?
1220210211
Convert -1201310033 (base 4) to base 5.
-100310110
302104122 (base 5) to base 13
33339a
What is 1101101111110010001100 (base 2) in base 11?
2041487
What is 2011350 (base 6) in base 16?
172f2
Convert 2c757 (base 16) to base 4.
230131113
-23470171 (base 8) to base 12
-